tor of 1755604 and 344?
172
Calculate the highest common divisor of 225512 and 180152.
56
Calculate the highest common divisor of 1256852663 and 1353.
451
What is the greatest common factor of 16110 and 6034090?
1790
What is the highest common factor of 288749 and 2587?
199
What is the highest common factor of 198 and 7145154?
18
Calculate the greatest common factor of 1520 and 21270500.
380
Calculate the highest common divisor of 13038200 and 840.
280
Calculate the highest common divisor of 304 and 3462693.
19
What is the greatest common divisor of 542380 and 91932?
188
What is the greatest common factor of 2698 and 879051?
71
What is the highest common factor of 43295 and 38353?
7
Calculate the highest common factor of 509018 and 495674.
278
Calculate the greatest common factor of 318380 and 1684.
4
Calculate the greatest common divisor of 6531 and 78330637.
2177
What is the greatest common divisor of 3521 and 26432147?
3521
What is the highest common divisor of 19158154 and 406?
58
Calculate the greatest common factor of 35659400 and 2800.
1400
What is the highest common factor of 161040 and 1840?
80
Calculate the highest common factor of 106620286 and 19.
19
What is the greatest common divisor of 2194560 and 22710?
30
What is the highest common factor of 675582030 and 3870?
3870
Calculate the greatest common factor of 31911 and 891528.
33
Calculate the highest common divisor of 8951337 and 228.
57
What is the highest common divisor of 4778830 and 36625?
1465
What is the highest common divisor of 3744 and 1980992?
416
What is the greatest common factor of 69488887 and 62?
31
Calculate the greatest common divisor of 30 and 1989664.
2
What is the highest common divisor of 78516280 and 382?
382
Calculate the greatest common factor of 7264 and 6402762.
454
Calculate the greatest common divisor of 5959837 and 871.
13
What is the highest common factor of 7960995 and 3150?
315
What is the highest common divisor of 556 and 689524?
4
What is the highest common factor of 80625 and 4700?
25
What is the greatest common factor of 8583 and 9155200?
2861
What is the highest common factor of 2862002 and 1287?
143
Calculate the greatest common divisor of 549 and 3318124707.
549
What is the greatest common divisor of 466 and 643546?
466
What is the greatest common factor of 91058000 and 17600?
4400
What is the greatest common divisor of 30 and 8351715?
15
What is the greatest common factor of 80335379 and 895?
179
What is the greatest common factor of 16137 and 8274321?
99
What is the greatest common divisor of 30 and 304585?
5
Calculate the greatest common divisor of 259 and 3971717603.
259
What is the greatest common divisor of 656532 and 63612?
108
Calculate the greatest common divisor of 3 and 294241026.
3
What is the highest common divisor of 392 and 3393768?
56
What is the highest common divisor of 20668100 and 246?
82
Calculate the greatest common factor of 42070 and 26912179.
4207
What is the greatest common divisor of 138 and 3236813?
23
Calculate the highest common divisor of 9969638 and 14406.
686
What is the highest common factor of 49067 and 341801?
139
Calculate the highest common factor of 5587 and 5180.
37
Calculate the greatest common factor of 123354 and 206052.
462
Calculate the greatest common factor of 37524773 and 143.
143
Calculate the greatest common factor of 46239480 and 118.
118
Calculate the highest common factor of 371644 and 16380.
364
Calculate the greatest common divisor of 657 and 232677.
9
What is the greatest common factor of 34273597 and 929?
929
Calculate the greatest common factor of 276546 and 294.
6
What is the greatest common divisor of 248049 and 2043?
9
Calculate the greatest common divisor of 3234 and 577731.
231
Calculate the highest common divisor of 1084 and 541791601.
271
Calculate the greatest common divisor of 22188951 and 31050.
621
What is the greatest common divisor of 58518 and 30150?
18
Calculate the highest common divisor of 12407897 and 299237.
6959
Calculate the highest common factor of 667 and 3359173.
23
What is the highest common divisor of 4586869 and 1589?
7
What is the highest common factor of 10699927 and 203?
203
What is the highest common divisor of 602763 and 3941?
7
Calculate the greatest common divisor of 2041 and 12157766.
157
What is the greatest common factor of 1260 and 31030650?
630
Calculate the greatest common divisor of 200 and 5355500.
100
Calculate the greatest common divisor of 4493099548 and 28.
28
Calculate the greatest common factor of 6960 and 3836160.
240
What is the highest common factor of 59458 and 4797466?
274
Calculate the highest common factor of 90897309 and 243.
243
Calculate the highest common divisor of 32 and 12837152.
32
What is the highest common factor of 414884 and 316?
4
Calculate the highest common factor of 108 and 142587.
27
What is the highest common divisor of 395 and 7223444?
79
What is the greatest common divisor of 28746 and 90?
18
Calculate the greatest common divisor of 8823 and 67473.
51
Calculate the highest common factor of 26404 and 3288446.
574
Calculate the highest common factor of 3542 and 949797926.
3542
What is the highest common divisor of 82 and 415822041?
41
What is the highest common divisor of 98368 and 188998?
106
What is the greatest common divisor of 105252 and 3675?
147
What is the highest common factor of 141 and 382085701?
47
Calculate the greatest common divisor of 1483876 and 15836.
428
Calculate the greatest common factor of 565716 and 12.
12
Calculate the highest common divisor of 82542984 and 96.
24
What is the greatest common factor of 8760563 and 931?
49
Calculate the greatest common factor of 256527 and 1044.
9
Calculate the greatest common divisor of 3584 and 44816.
16
Calculate the highest common divisor of 29 and 431730.
1
Calculate the highest common factor of 19624 and 744.
8
Calculate the highest common factor of 10193778 and 818548.
9518
Calculate the highest common factor of 158224 and 121396.
1364
Calculate the greatest common factor of 1309 and 214445.
77
What is the greatest common factor of 108955888 and 112?
16
Calculate the highest common factor of 2355 and 5769390.
15
Calculate the greatest common factor of 1854 and 5412444.
618
What is the highest common factor of 135 and 688740?
15
What is the highest common factor of 9472 and 658045?
37
Calculate the highest common factor of 35021 and 581.
7
What is the highest common factor of 88 and 15553672?
8
Calculate the greatest common divisor of 76270 and 28040.
10
Calculate the greatest common divisor of 6194 and 32338.
38
What is the highest common divisor of 1152 and 52762608?
144
Calculate the greatest common divisor of 729 and 235597248.
243
What is the highest common factor of 2720819796 and 12?
12
Calculate the highest common factor of 20449 and 2382919.
11
Calculate the highest common divisor of 4245 and 853455.
15
What is the greatest common factor of 31407 and 562194?
87
What is the greatest common factor of 1960 and 13065920?
280
What is the greatest common divisor of 8761501 and 763?
7
Calculate the highest common divisor of 16807288 and 952.
136
What is the highest common factor of 1259 and 578233520?
1259
What is the greatest common factor of 199494225 and 21?
21
What is the highest common divisor of 27933411 and 65661?
1527
Calculate the greatest common divisor of 186394808 and 2.
2
Calculate the highest common divisor of 3007231 and 1004.
251
Calculate the greatest common factor of 165952 and 95296.
64
Calculate the highest common divisor of 250770 and 18004.
1286
Calculate the greatest common factor of 50 and 34407350.
50
What is the greatest common factor of 3480172 and 976?
244
What is the greatest common divisor of 62156 and 12341?
41
What is the highest common divisor of 895795027 and 769?
769
What is the greatest common divisor of 346 and 325330?
2
What is the greatest common divisor of 2496 and 167578944?
2496
Calculate the greatest common factor of 3705994 and 2157692.
4514
Calculate the highest common factor of 78668 and 726848.
1108
Calculate the highest common factor of 4745275 and 25.
25
What is the highest common divisor of 13983 and 34286?
79
What is the highest common divisor of 532431200 and 1120?
1120
Calculate the greatest 